5
What is the tens digit of 18242?
4
What is the tens digit of 111?
1
What is the tens digit of 834?
3
What is the units digit of 66?
6
What is the tens digit of 53221?
2
What is the hundreds digit of 248?
2
What is the units digit of 21831?
1
What is the units digit of 7239?
9
What is the tens digit of 225?
2
What is the units digit of 2207?
7
What is the tens digit of 8080?
8
What is the hundreds digit of 10950?
9
What is the tens digit of 316?
1
What is the hundreds digit of 524?
5
What is the tens digit of 15652?
5
What is the units digit of 34618?
8
What is the tens digit of 3888?
8
What is the units digit of 1416?
6
What is the thousands digit of 1225?
1
What is the tens digit of 100802?
0
What is the hundreds digit of 29969?
9
What is the hundreds digit of 301?
3
What is the tens digit of 2877?
7
What is the thousands digit of 2437?
2
What is the ten thousands digit of 10966?
1
What is the tens digit of 1130?
3
What is the hundreds digit of 3474?
4
What is the ten thousands digit of 25451?
2
What is the tens digit of 8289?
8
What is the tens digit of 7747?
4
What is the tens digit of 486?
8
What is the hundreds digit of 7214?
2
What is the hundred thousands digit of 113007?
1
What is the units digit of 112374?
4
What is the hundreds digit of 101017?
0
What is the thousands digit of 9952?
9
What is the tens digit of 364?
6
What is the tens digit of 4016?
1
What is the hundreds digit of 1331?
3
What is the tens digit of 47219?
1
What is the hundreds digit of 849?
8
What is the thousands digit of 13483?
3
What is the hundreds digit of 7537?
5
What is the hundreds digit of 9697?
6
What is the hundreds digit of 6054?
0
What is the thousands digit of 2927?
2
What is the tens digit of 2841?
4
What is the units digit of 6098?
8
What is the units digit of 351?
1
What is the hundreds digit of 2025?
0
What is the units digit of 17009?
9
What is the units digit of 29039?
9
What is the thousands digit of 3021?
3
What is the units digit of 3632?
2
What is the tens digit of 2429?
2
What is the units digit of 31?
1
What is the units digit of 3719?
9
What is the thousands digit of 6273?
6
What is the units digit of 3077?
7
What is the units digit of 92642?
2
What is the thousands digit of 6404?
6
What is the hundreds digit of 26872?
8
What is the tens digit of 7359?
5
What is the units digit of 5177?
7
What is the thousands digit of 2300?
2
What is the units digit of 8781?
1
What is the hundreds digit of 794?
7
What is the hundreds digit of 738?
7
What is the tens digit of 1022?
2
What is the units digit of 1335?
5
What is the thousands digit of 38486?
8
What is the thousands digit of 18465?
8
What is the hundreds digit of 154?
1
What is the units digit of 175379?
9
What is the thousands digit of 105629?
5
What is the hundreds digit of 9607?
6
What is the tens digit of 91498?
9
What is the thousands digit of 1083?
1
What is the hundreds digit of 2162?
1
What is the thousands digit of 10990?
0
What is the ten thousands digit of 64582?
6
What is the tens digit of 957?
5
What is the hundreds digit of 2783?
7
What is the units digit of 15765?
5
What is the units digit of 772?
2
What is the thousands digit of 1848?
1
What is the tens digit of 384?
8
What is the units digit of 125?
5
What is the thousands digit of 1432?
1
What is the hundreds digit of 7867?
8
What is the units digit of 70?
0
What is the hundreds digit of 39931?
9
What is the tens digit of 1902?
0
What is the tens digit of 353?
5
What is the units digit of 1417?
7
What is the tens digit of 3709?
0
What is the units digit of 51059?
9
What is the units digit of 2252?
2
What is the ten thousands digit of 64650?
6
What is the thousands digit of 8218?
8
What is the thousands digit of 1682?
1
What is the tens digit of 9334?
3
What is the tens digit of 2271?
7
What is the tens digit of 680?
8
What is the hundreds digit of 66916?
9
What is the units digit of 934?
4
What is the units digit of 6599?
9
What is the hundreds digit of 93564?
5
What is the units digit of 3313?
3
What is the thousands digit of 2971?
2
What is the tens digit of 249?
4
What is the thousands digit of 8826?
8
What is the units digit of 722?
2
What is the units digit of 839?
9
What is the units digit of 938?
8
What is the thousands digit of 1322?
1
What is the thousands digit of 4863?
4
What is the tens digit of 1882?
8
What is the ten thousands digit of 41807?
4
What is the ten thousands digit of 86161?
8
What is the units digit of 82712?
2
What is the tens digit of 1326?
2
What is the units digit of 944?
4
What is the thousands digit of 19851?
9
What is the hundreds digit of 5709?
7
What is the ten thousands digit of 69642?
6
What is the thousands digit of 3613?
3
What is the units digit of 259?
9
What is the hundreds digit of 51751?
7
What is the units digit of 5543?
3
What is the units digit of 1928?
8
What is the tens digit of 4429?
2
What is the units digit of 496?
6
What is the thousands digit of 7375?
7
What is the units digit of 7118?
8
What is the thousands digit of 111449?
1
What is the hundreds digit of 3891?
8
What is the thousands digit of 10626?
0
What is the thousands digit of 6380?
6
What is the tens digit of 872?
7
What is the tens digit of 114762?
6
What is the tens digit of 3724?
2
What is the thousands digit of 7726?
7
What is the units digit of 916?
6
What is the tens digit of 4960?
6
What is the tens digit of 80985?
8
What is the units digit of 1808?
8
What is the units digit of 690?
0
What is the hundreds digit of 3972?
9
What is the units digit of 35978?
8
What is the tens digit of 1015?
1
What is the hundreds digit of 2574?
5
What is the tens digit of 10696?
9
What is the units digit of 114?
4
What is the units digit of 625?
5
What is the thousands digit of 7121?
7
What is the hundreds digit of 337?
3
What is the hundreds digit of 125695?
6
What is the ten thousands digit of 20727?
2
What is the thousands digit of 4417?
4
What is the tens digit of 718?
1
What is the hundreds digit of 1510?
5
What is the hundreds digit of 4754?
7
What is the tens digit of 313?
1
What is the thousands digit of 8432?
8
What is the hundreds digit of 2156?
1
What is the thousands digit of 23883?
3
What is the tens digit of 39590?
9
What is the thousands digit of 11688?
1
What is the ten thousands digit of 60533?
6
What is the thousands digit of 1030?
1
What is the units digit of 4494?
4
What is the hundred thousands digit of 129251?
1
What is the thousands digit of 1786?
1
What is the tens digit of 4127?
2
What is the tens digit of 16446?
4
What is the units digit of 2311?
1
What is the tens digit of 29596?
9
What is the tens digit of 2045?
4
What is the units digit of 384?
4
What is the tens digit of 430?
3
What is the thousands digit of 7726?
7
What is the thousands digit of 1350?
1
What is the thousands digit of 46519?
6
What is the hundreds digit of 38349?
3
What is the thousands digit of 3333?
3
What is the ten thousands digit of 95231?
9
What is the tens digit of 126257?
5
What is the tens digit of 93?
9
What is the tens digit of 602?
0
What is the hundreds digit of 5520?
5
What is the hundreds digit of 864?
8
What is the hundreds digit of 9975?
9
What is the hundreds digit of 8791?
7
What is the hundreds digit of 17470?
4
What is the units digit of 16207?
7
What is the thousands digit of 6076?
6
What is the thousands digit of 3554?
3
What is the hundreds digit of 6195?
1
What is the tens digit of 75?
7
What is the thousands digit of 7407?
7
What is the thousands digit of 6963?
6
What is the units digit of 7267?
7
What is the units digit of 1821?
1
What is the units digit of 2971?
1
What is the tens digit of 1979?
7
What is the tens digit of 3143?
4
What is the tens digit of 56653?
5
What is the thousands digit of 54468?
4
What is the thousands digit of 38536?
8
What is the units digit of 5504?
4
What is the tens digit of 9962?
6
What is the thousands digit of 166542?
6
What is the ten thousands digit of 168238?
6
What is the units digit of 62854?
4
What is the ten thousands digit of 60951?
6
What is the tens digit of 68831?
3
What is the thousands digit of 144023?
4
What is the tens digit of 6062?
6
What is the hundreds digit of 9002?
0
What is the tens digit of 102224?
2
What is the tens digit of 671?
7
What is th